ppose c + 0*c + 5 = 0. Let i(k) = k**3 + 6*k**2 + k. List the prime factors of i(c).
2, 5
Let b be (-21)/(-2) - (-10)/(-20). Let v = b - -8. List the prime factors of v.
2, 3
Suppose 0 = 17*k - 1042 - 2086. What are the prime factors of k?
2, 23
What are the prime factors of (-7)/(14/(-578)) + -5?
2, 71
Suppose 0 = -5*v + 15 - 0. Suppose -g - 2*g = -9. Suppose -v*w - o = -w - 19, g*o + 31 = 5*w. What are the prime factors of w?
2
Suppose -7*m + 2*m + 185 = 0. List the prime factors of m.
37
Let b be (-3)/(-2) + 100/(-8). Let s = -5 + b. Let u = -11 - s. List the prime factors of u.
5
Let p(y) = -11*y - 13. List the prime factors of p(-6).
53
Let z be 101*(-2 + 3) + -2. Let i = z - 65. Let t = -23 + i. What are the prime factors of t?
11
Let k(s) = -s**3 - 14*s**2 + 13*s - 12. List the prime factors of k(-15).
2, 3
Let b = 4 - 8. Let d be b/(-6) + (-16)/6. What are the prime factors of 0 + 6 + (d - -1)?
5
Suppose 0 = -3*a - 0*a + 141. Suppose 5*i - a = 28. What are the prime factors of i?
3, 5
Let h = 9 + -7. Let j(g) = g + 6. Let x be j(-6). Suppose x = -h*n - 0*n + 24. List the prime factors of n.
2, 3
Let g(f) = -f**3 - 3*f**2 - 5*f - 4. Let n be g(-3). Let i(l) = -6*l - 308*l**2 + 307*l**2 - 9 + 19*l. List the prime factors of i(n).
13
Let q = 1 - -3. Suppose 2*i = q*i. Suppose 5 = n - i. What are the prime factors of n?
5
Let g(k) = -k**2 + 7*k - 7. Let c be g(5). Suppose -3*d + 2*n + 1 = -0, 0 = c*d + 3*n - 21. List the prime factors of 2/d - (-26)/6.
5
Suppose -y + 48 = -47. List the prime factors of y.
5, 19
Let n = -3 + -3. Let q = 10 + n. Suppose q*a - 9 = 3. List the prime factors of a.
3
Let g(a) = -a - 1. Suppose -3*i = -4*i - 9. List the prime factors of g(i).
2
Let u be (1 + -3 - -3)*8. Suppose -u*w = -3*w. List the prime factors of (-16)/((-1 + w)*2).
2
Suppose 64 = -2*d - 4*c + 248, 4*c - 4 = 0. List the prime factors of d.
2, 3, 5
Suppose -3*h = 2*s - 665, -4*h - s + 565 = -325. List the prime factors of h.
223
Let o be (2/1)/2*-1. What are the prime factors of (9/(-18))/(o/16)?
2
Let x = 3 - -38. Let n = x - 28. What are the prime factors of n?
13
Let z(h) = h**3 - 5*h**2 - 6*h - 3. Suppose -27 = -3*t - 9. Let m be z(t). Let a = m - -7. What are the prime factors of a?
2
Let m(v) = -v**3 + 5*v**2 + 7*v - 3. Let d be m(6). Let k(f) be the first derivative of -f**3/3 + 3*f**2/2 + 2*f - 4. What are the prime factors of k(d)?
2
Let b be 5*-1 - (-2)/(-2). Let z(o) = 3*o**2 - 10*o + 8. Let v(t) = -2*t**2 + 9*t - 7. Let w(i) = -4*v(i) - 3*z(i). List the prime factors of w(b).
2
Suppose 6*o - 50 - 904 = 0. List the prime factors of o.
3, 53
Suppose 286 = 2*n - 2*x, 27 = -2*n - 4*x + 289. What are the prime factors of n?
139
Let y(s) be the first derivative of -s**3/3 - 5*s**2 + 3*s + 3. Let q be y(-10). Suppose 0 = q*n + 2*n - 45. List the prime factors of n.
3
Suppose 0 = -p + 4*p. Let r be -2*((-22)/(-4) - p). Let j = r - -18. What are the prime factors of j?
7
What are the prime factors of ((-1055)/(-20) + -7)/(3/16)?
2, 61
Let w be (2 + (-7)/3)*0. Let g = w - -18. What are the prime factors of g?
2, 3
Suppose 26 = 5*k + 4*b, -4*k + 24 - 8 = 2*b. Suppose k*t = -t + 24. Let q = 11 - t. What are the prime factors of q?
3
Let a be (-1 - 2/(-1)) + -4. Let g be (1/2)/(a/(-54)). Suppose -3*k + 21 = -g. What are the prime factors of k?
2, 5
Let v be 8 - (-3 - (3 - 8)). List the prime factors of 8/v*(-4 - -22).
2, 3
Let l(u) = u + 11. Let a be l(-9). Let w be (-4 + a)/((-6)/45). Suppose -2*q + 7*q = w. What are the prime factors of q?
3
Let n(c) = -c + 4. Let g be n(2). Suppose 4*z = -3*t - 2*t + 3, 9 = -g*t - 5*z. List the prime factors of t.
3
Let m(y) = -y**3 - 6*y**2 - 4*y + 6. Let k be m(-5). List the prime factors of ((-4)/8)/(k/(-10)).
5
Suppose 25 = k - 4*x, 3*k - 3*x = -0*k + 30. Let n = k - 6. Let b(r) = -16*r**3 + r**2 + 2*r + 1. List the prime factors of b(n).
2
Suppose -5*i + w - 2*w = 19, 8 = 4*i - 5*w. Let p be (0 - 0) + (i - 5). List the prime factors of (-8)/3*12/p.
2
Let i(o) = -2*o + 2*o + 25 + o - 2*o. What are the prime factors of i(11)?
2, 7
Suppose b + 27 = 2. Let c be (44 - (3 + 0)) + 2. Let j = c + b. What are the prime factors of j?
2, 3
Let o(a) = -a**3 - 3*a**2 + 3*a + 5. Let s be (-1 + 0 - -11) + -1. Let k = -13 + s. What are the prime factors of o(k)?
3
Suppose 0*f + 2*f = 0. Suppose 28 = -4*g + r, -3*g + 5*r - 1 - 3 = f. Let c = g + 20. What are the prime factors of c?
2, 3
Let s(p) = -p**3 + 7*p**2 + p. Let o be s(7). Let h be 1 - (2 - 2) - o. List the prime factors of h*(1 - (-22)/(-6)).
2
Let y(l) = -l**3 - 19*l**2 - 4*l - 31. What are the prime factors of y(-19)?
3, 5
List the prime factors of 3/9*0 + 4.
2
Suppose 1 = 3*r - 14. Suppose 3*l = -2*l - r*j + 235, -47 = -l - 2*j. What are the prime factors of l?
47
Suppose 24 = -2*m - m. Let v = m - -24. What are the prime factors of v?
2
Let r(p) = p**2 - 6*p + 6. Let x be r(7). Let k = x - 8. Suppose -4*j - c = -2*j - 32, -2*c - 62 = -k*j. What are the prime factors of j?
2, 7
Let y be (16/40)/(2/60). Suppose -17 = -d + y. What are the prime factors of d?
29
Let u(c) = 2*c - 8. What are the prime factors of u(8)?
2
Let l(v) = -v**3 + v**2 + v - 1. Let n be l(-3). Let q be (3/6)/(2/n). What are the prime factors of 68/q + (-1)/2?
2
Suppose 3*b + 42 = 3*z, -3*z = -z - b - 33. List the prime factors of z.
19
Suppose -7*l + 10 = -2*l. Suppose m = 4*p + 27, 0 = 4*m + l*p - 2 - 34. List the prime factors of m.
11
Suppose -4*q = -98 - 30. What are the prime factors of q?
2
Let a(u) = -2*u - 10. Let m be a(-7). Suppose -m*l + 23 + 13 = 0. What are the prime factors of l?
3
Let s(f) = 2*f**3 - 16*f**2 - 16*f - 1. List the prime factors of s(10).
239
Let z = -5 - -24. Let p = z + -10. Suppose -p = -3*x + 21. What are the prime factors of x?
2, 5
Suppose -13*w + 25 = -12*w. List the prime factors of w.
5
What are the prime factors of 60/4 + (-6)/(-2)?
2, 3
Let y(f) = f**3 + 12*f**2 + 10*f - 10. Let s be y(-11). Let o = s + 1. Suppose j + o*z - 5 = 0, -4*z = 2*j - 6*j + 32. What are the prime factors of j?
7
Let l = 15 - 8. Let h(w) = 1 + 3*w - 10 + 0*w + 1. What are the prime factors of h(l)?
13
What are the prime factors of -2 - (-3 + -2) - -19?
2, 11
Suppose -q = -3 + 1. Suppose -5*d - 8 = q*y, 4*y - 6 = d - 0. What are the prime factors of (0 + -15)/(-3) + d?
3
What are the prime factors of 88/(4/2) + -2?
2, 3, 7
Let x = 77 - 55. Let a = x - 4. List the prime factors of a.
2, 3
Let p(z) = -z + 1. Suppose b + 3 = -8. List the prime factors of p(b).
2, 3
Suppose -2*u + 62 = -0*u - 2*t, 0 = 2*t - 10. Let m = u + -24. What are the prime factors of m?
2, 3
Let g(l) = l**2 + 4*l + 1. Let k be g(-4). Let w = -16 + 24. Suppose p - 15 = 4*j, p = j + w + k. What are the prime factors of p?
7
Suppose -4*v - 41 = -8*v - r, 3*v + 3*r = 33. List the prime factors of v.
2, 5
Let d(h) = -1 - 6 - 3*h + 9 - 4*h. What are the prime factors of d(-2)?
2
Let s(z) = z**3 + 5*z**2 - 5*z + 6. Let l be s(-6). Suppose -4*h + 27 + 9 = l. What are the prime factors of h?
3
List the prime factors of 1*(-2)/(-6) - (-3560)/30.
7, 17
Suppose -l + 4*l = c - 14, -5*c + 4*l + 26 = 0. Let x be ((-3)/c)/((-6)/8). Let d = 4 + x. What are the prime factors of d?
2, 3
Let w = 6 + -6. Suppose w = h + 4*h - 15. What are the prime factors of 28/h - (-4)/(-12)?
3
Let f be (38/(-3))/(1/(-6)). Let h = f + -43. List the prime factors of h.
3, 11
List the prime factors of ((-108)/(-24))/((-6)/(-32)).
2, 3
Suppose 2*u = 5 + 5. Let v = -3 + u. What are the prime factors of v?
2
Let h(w) = w**3 - 5*w**2 + 3*w. Let r be h(4). What are the prime factors of 43/9 + r/(-18)?
5
Let p = 4 - 1. Suppose -5*t + 59 = -4*r + 7*r, -39 = -p*t - 3*r. List the prime factors of t.
2, 5
Suppose -14*w + 18*w = 472. List the prime factors of w.
2, 59
Let k(y) = -1 + y - y - y. Let g(p) = 4. Let f(b) = g(b) + 3*k(b). What are the prime factors of f(-1)?
2
Let u = 185 - 98. List the prime factors of u.
3, 29
List the prime factors of (-8 - 3)*(-2 - 3).
5, 11
Let o(m) be the second derivative of -m**4/12 - 4*m**3/3 - 5*m**2/2 + 2*m. Let x be o(-6). Let n = x + -4. What are the prime factors of n?
3
Let i = 7 - -29. What are the prime factors of i?
2, 3
Let d = 9 + -7. Suppose -38 = -5*i + d. Let h = 8 + i. List the prime factors of h